ivisor of l and 117?
9
Let m = -4194 - -4491. What is the greatest common divisor of 1254 and m?
33
Suppose -3*r + y = -4, 4*r + 52*y - 32 = 48*y. Suppose 5*h - 4*j = j + 350, r*h + j = 210. Calculate the greatest common divisor of h and 14.
14
Let j = -3 - -10. Let n(k) = k**3 - 7*k**2 - 2*k + 8. Let m be n(j). Let r(x) = -x - 2. Let f be r(m). What is the highest common divisor of f and 12?
4
Let s(l) be the third derivative of -l**6/120 - l**5/10 - l**4/8 - 5*l**3/2 + 8*l**2 - 8. Let q be s(-6). Calculate the greatest common divisor of q and 12.
3
Suppose -1339*t - 7700 = -1389*t. Calculate the highest common factor of t and 1584.
22
Let u(b) = b**3 - 15*b**2 - 37*b - 93. Let p be u(19). What is the highest common factor of p and 486?
162
Let z(l) = -5*l - 2. Let y be z(-2). Suppose -40*s - y = -44*s. Suppose -s*o - 550 = -12*o. Calculate the greatest common factor of o and 22.
11
Let h(k) = 1. Let f(v) = 106*v**2 + v + 4. Let d(o) = f(o) - 5*h(o). Let w be d(-1). Calculate the greatest common divisor of 13 and w.
13
Let v = -9 + 5. Let r(p) = p**3 + 4*p**2 - 3*p - 17. Let g be r(-5). Let o = v - g. What is the greatest common factor of 23 and o?
23
Let r = -38816 + 38856. Let x = 24 - 4. Suppose x = 2*o + 2*o. What is the greatest common divisor of r and o?
5
Let d(x) be the third derivative of -x**4/4 + 14*x**3/3 + 70*x**2. Let j be d(2). Calculate the greatest common factor of 272 and j.
16
Let h = -3917 - -4883. What is the greatest common factor of h and 63?
21
Let k be (432 - (-2 + 5))*(-10)/15. Let x = -274 - k. Calculate the highest common factor of x and 2076.
12
Let u(j) = -j**3 - j**2 - 4*j + 65. Let v be u(0). Let o be (-117)/v*(-8 + -1 + -1). Let g = -22 - -31. What is the highest common factor of g and o?
9
Suppose 5*k + 5*k - 190 - 2780 = 0. Let g(x) = 25*x**2 + x + 1. Let p be g(-2). Calculate the greatest common divisor of k and p.
99
Suppose -2028 = 67*c - 14065 - 23. What is the greatest common factor of c and 420?
60
Suppose 0 = -2*m - 5*n + n + 2, 3*m - 30 = 3*n. Let q = 105 + -27. Suppose m*f = 4*f + q. What is the greatest common factor of 39 and f?
13
Let a(g) = 3*g**2 + 114*g - 24. Let q be a(-39). Calculate the greatest common factor of q and 2976.
93
Suppose 64 = -3*j + 4*v, 3*j - 4*v = -2*j - 112. Let k = 34 + j. Let b be 5 + -8 + 1*33. Calculate the greatest common divisor of k and b.
10
Suppose -n = -3*n + 60. Let m(t) = t**2 - t + 46. Let a be m(23). Let s = a - 312. What is the highest common divisor of n and s?
30
Let j = -42 - -51. Suppose -2*x + 15 = g, 8*g + j = 4*x + 3*g. Suppose -9 = -3*c - 5*d, 15 = x*c - c - d. Calculate the highest common divisor of c and 27.
3
Suppose 4*q + 8*b - 4220 = 9*b, 4216 = 4*q - 2*b. Calculate the highest common divisor of q and 5632.
352
Let j be 2827/4 + -2 - 12/16. Calculate the highest common divisor of j and 572.
44
Let f(b) = -10*b**3 - 10*b**2 - 35*b - 115. Let k be f(-7). Calculate the highest common factor of k and 10.
10
Let g(u) = -u**2 + 16*u + 104. Let x = 315 - 315. Let b be g(x). What is the greatest common factor of b and 13?
13
Let v(u) = u**2 + 17*u - 35. Let r be v(-18). Let z(m) = m**3 + 16*m**2 - 39*m - 22. Let q be z(r). Calculate the highest common divisor of 11 and q.
11
Suppose -71 = 6*j + 19. Let t be (-138)/j*10/4. What is the highest common divisor of t and 207?
23
Let q(a) = 2*a**2 - 3*a + 2. Let z = -14 - -16. Let g be q(z). Let j = -278 + 322. What is the greatest common factor of j and g?
4
Suppose 0 = -5*z + z + 160. Let c(b) = b**3 + 61*b**2 - 394*b + 676. Let x be c(-67). What is the highest common divisor of x and z?
20
Suppose -327 = -2*w + s, -w + 99 + 37 = 5*s. Suppose 0 = 19*q - 15*q - 184. What is the highest common divisor of q and w?
23
Suppose -6*n = 24, -14154 = -v + 5*n + 6880. Calculate the highest common factor of 532 and v.
266
Suppose 24*j - 41 - 7 = 0. Suppose -4*d + 5*s = -0*d - 297, -j*d = 5*s - 111. What is the greatest common factor of d and 255?
17
Let c(p) = p**3 + 9*p**2 - 105*p - 936. Let o be c(-10). What is the highest common factor of o and 1414?
14
Suppose -9*q - 24*q = 3*q - 5508. Let a = 10 - 1. Calculate the highest common divisor of a and q.
9
Let l(u) = u**3 + 3*u**2 - 6*u - 8. Suppose 3*g - 12 = 6*g. Let h be l(g). Suppose h = -4*p - p + 30. What is the highest common factor of p and 48?
6
Let y be -2 + (-8322)/(-152) + (-10)/(-8). Calculate the highest common factor of 12825 and y.
27
Suppose 4*d = 3*a + 8*d - 5997, -3*d = -9. Suppose -8*c + a = -2405. Calculate the greatest common divisor of c and 22.
22
Suppose 11*q - 1500 = -30*q + 16*q. Let z be ((-3)/(-4))/(2/112). What is the greatest common factor of z and q?
6
Let g = 7667 + -7523. What is the highest common factor of g and 108?
36
Let v = 8 + 5. Suppose 295 = -3*d + v. Let b = -80 - d. Calculate the greatest common factor of 21 and b.
7
Suppose -518 = -5*f - 458. Suppose 4*x - 1164 = 2*z - 4*z, 5*z - x - 2877 = 0. What is the highest common factor of f and z?
12
Suppose 56 = 3*j + 4*s - 24, -82 = -3*j - 5*s. Suppose x = -x + j. Let z = x + 2. What is the highest common factor of 21 and z?
7
Suppose -23 = 3*m - 35, 0 = -3*p + m - 4. Let l = 6 + -1. Suppose n - l*o - 20 = p, -o - 4 = -n - 4*o. Calculate the greatest common factor of 10 and n.
10
Let v be -1 + -229 + -1 + (2 - 3). Let m = v - -246. Calculate the highest common divisor of m and 126.
14
Let j = 710 - 703. Suppose 3*k - 103 = k + a, 118 = 2*k - 4*a. What is the highest common factor of j and k?
7
Suppose 0 = 58*r - 62*r - 11928. Let b be (1*1*2)/((-28)/r). Calculate the greatest common factor of b and 71.
71
Let q = 8905 + -8360. Calculate the greatest common divisor of q and 3.
1
Suppose 5*c + 18 = t - 27, 2*t = -2*c + 30. Let z be t/8*(-36)/(-5). Calculate the highest common divisor of 6 and z.
6
Suppose -70*p + 63*p = -798. What is the highest common factor of p and 171?
57
Let y(l) = -35*l - 6. Let q be y(-3). Let c = 1 + q. What is the highest common factor of c and 20?
20
Suppose -i + k = -0*i - 101, 3*i - 2*k = 299. Let s = i - 127. Let c be (-7)/((s/155)/6). What is the greatest common divisor of c and 31?
31
Suppose -5*z = 5*i - 1970, -5*z + 1762 = -i - 184. Let d = 50 - 20. What is the greatest common divisor of d and z?
30
Suppose 5*k - 4*q - 1328 = 0, 6*k = 5*k + q + 265. Suppose k = -5*h + 298. Let b = -84 - -126. Calculate the greatest common factor of h and b.
6
Suppose 4*g - 4188 = -194*r + 192*r, -2130 = -r + 4*g. Calculate the highest common factor of 324 and r.
162
Let d(i) = 4*i - 14. Let n be d(9). Suppose 6*w + 10 - n = 0. Suppose -4*q + 12 - 4 = 0. What is the highest common factor of w and q?
2
Suppose -18 = -4*u + 210. Let x(p) = -10*p**2 - 74*p + 32. Let q be x(-5). Calculate the greatest common factor of u and q.
19
Let p = -36120 + 47843. What is the highest common divisor of p and 57?
19
Let v(q) = 215*q**2 + q - 12. Let s be v(4). What is the greatest common factor of s and 11?
11
Suppose 211 = 5*p + 151. Suppose -2*o = -5*m + 385, 9*m - o + 231 = p*m. What is the highest common factor of 33 and m?
11
Let l = -112 - -1300. Suppose 180*x = 198*x - l. What is the greatest common divisor of 44 and x?
22
Suppose -89*u = -17265 + 699 - 522. Calculate the highest common divisor of u and 5856.
96
Suppose 4*o + 2*t = 3*t + 50, -2*t = -4. Let v = -9 + o. Suppose v*g = -g + 80. Calculate the highest common divisor of 176 and g.
16
Let x = -36498 + 37087. Calculate the greatest common factor of 3 and x.
1
Suppose -5*k = 4*v + 52, -4*v + 70 = -5*k + v. Let h be ((-650)/8)/(-5) - (-3)/k. Calculate the highest common divisor of h and 2.
2
Let g(z) be the first derivative of z**3/3 - 23*z**2/2 + 48*z - 37. Let s be g(20). Let u be (-214)/s - 6/(-36). What is the greatest common divisor of u and 2?
2
Let d = 454 + -426. Suppose 47*f - d*f - 323 = 0. Calculate the greatest common factor of f and 17.
17
Let w(j) = -2*j**3 + 25*j**2 + 14*j - 9. Let h be w(13). Suppose -h*n + 2*n + 48 = 2*v, -v = -4*n + 81. What is the highest common factor of 336 and n?
21
Let f = 32 - -164. Suppose -15*z + 19*z = f. What is the greatest common divisor of z and 35?
7
Let z be (-2907)/(-95) - (8/(-10))/2. Suppose -733 = z*l - 3523. Let b be (2 + -1)*13 + -3. What is the highest common fa